181. Give y(3).
7
Let x(c) = -c**3 - 5*c**2 + 12*c - 10. Calculate x(-7).
4
Let s(x) = -x**2 + 16*x - 7. Give s(11).
48
Let g(a) = a**3 + 16*a**2 + 28*a. Determine g(-14).
0
Let g(t) = -3*t**3 + 47*t**2 + 13*t + 42. Determine g(16).
-6
Let w(u) = -4*u**3 + 3*u**2 + u - 4. Calculate w(2).
-22
Let b(q) = -q**3 + 7*q**2 + q - 5. What is b(7)?
2
Let i(r) = -r**3 - 8*r**2 - 8*r - 4. Give i(-7).
3
Let m(w) = -w**3 - 3*w**2 - 3*w - 24. Determine m(-4).
4
Let r(m) = -m + 1. Determine r(-6).
7
Let a(b) = b**2 + 13*b + 15. Determine a(-14).
29
Let o(m) = -m**2 + 16. What is o(0)?
16
Let s(c) = -c**2 + 16*c + 1. Determine s(16).
1
Let s(d) = -d**3 + 5*d**2 + 4*d - 11. Give s(4).
21
Let n(v) = -v**3 + 45*v**2 - 3*v + 129. Determine n(45).
-6
Let o(j) = j**2 + 10*j + 23. What is o(-7)?
2
Let h(x) = -3*x**3 - 2*x**2 - 5*x - 4. Calculate h(-1).
2
Let g(n) = n**3 + 3*n**2 + 3*n + 2. What is g(-2)?
0
Let u(f) = -6*f**2 + 5*f - 4. What is u(2)?
-18
Let k(j) = -11*j + 104. Give k(12).
-28
Let t(y) = y**2 + 6*y - 5. What is t(-5)?
-10
Let i(x) = 2*x**2 + 17*x + 71. Calculate i(-5).
36
Let m(t) = -t**2 + 8*t - 9. Give m(10).
-29
Let n(b) = -b**2 + 8*b - 5. What is n(6)?
7
Let p(v) = 5*v + 11. What is p(-8)?
-29
Let y(s) = 11*s**2 + 5*s + 3. Give y(-3).
87
Let u(q) = -3*q + 63. Give u(19).
6
Let v(c) = c**3 + 5*c**2 - 5*c. Give v(-6).
-6
Let p(o) = -2*o**2 + 11*o + 6. Calculate p(9).
-57
Let x(p) = -p**2 - 6*p - 8. Give x(-5).
-3
Let v(s) = -18*s - 18. Determine v(3).
-72
Let p(g) = 2*g**3 + 14*g**2 - 7*g + 10. Determine p(-7).
59
Let b(p) = p**3 + 10*p**2 - 13*p - 13. Give b(-11).
9
Let q(h) = 3*h + 8. What is q(-5)?
-7
Let c(g) = g**2 - 10*g + 14. What is c(9)?
5
Let x(h) = h**2 + 10*h - 15. Calculate x(-12).
9
Let r(z) = -24*z**3 + 1. Give r(1).
-23
Let b(g) = 9*g**2 - 2*g - 4. Give b(-1).
7
Let o(k) = -8*k**2 + 13*k + 12. Determine o(3).
-21
Let j(l) = l**3 - 4*l**2 + 4*l + 4. What is j(4)?
20
Let p(r) = r**3 - 23*r + 10. Calculate p(-5).
0
Let t(x) = 9*x + 66. Determine t(-7).
3
Let o(d) = 2*d**2 - 3*d + 1. Determine o(2).
3
Let h(t) = 7*t - 2. Give h(1).
5
Let b(w) = -w**3 + 8*w**2 - w + 2. Give b(8).
-6
Let j(w) = -3*w - 2. Determine j(-6).
16
Let t(m) = -m**3 + 7*m**2 - 5*m - 6. Calculate t(5).
19
Let g(n) = n**3 - 16*n**2 - 10*n - 2. Calculate g(17).
117
Let l(k) = 6*k - 17. Give l(4).
7
Let w(j) = -j**3 - 7*j**2 - j - 9. Determine w(-7).
-2
Let a(r) = 10*r - 352. Give a(35).
-2
Let k(t) = -t**3 + 4*t - 4. Give k(-3).
11
Let s(t) = 38*t**3 - t - 1. Calculate s(-1).
-38
Let i(f) = f**3 + 12*f**2 + 6*f + 2. Give i(-11).
57
Let g(h) = h**3 + 5*h**2 + 2*h - 5. Give g(-4).
3
Let p(f) = -f**2 + 26*f + 1. Determine p(26).
1
Let s(p) = p**3 - 9*p**2 - 13*p - 22. Give s(11).
77
Let j(k) = -2*k - 6. What is j(-7)?
8
Let y(b) = 102*b + 413. Give y(-4).
5
Let u(v) = -v**2 + 22*v - 92. Determine u(17).
-7
Let f(i) = i**2 + 134*i - 403. Give f(3).
8
Let w(v) = v - 1. Give w(-7).
-8
Let i(u) = 3*u**2 - 36*u + 14. What is i(11)?
-19
Let o(q) = q - 8. What is o(3)?
-5
Let t(a) = -a**2 + 5*a - 9. Give t(3).
-3
Let i(p) = -p**3 - 26*p**2 + 25*p - 62. Calculate i(-27).
-8
Let n(x) = 21*x + 1. Determine n(1).
22
Let l(r) = -16*r + 77. Calculate l(5).
-3
Let k(t) = -16*t + 345. Determine k(22).
-7
Let m(i) = -i**2 - 10*i + 26. Give m(-8).
42
Let t(d) = -5*d + 45. What is t(10)?
-5
Let h(o) = -2*o - 5. Determine h(-9).
13
Let w(g) = 8*g**2 - 58*g + 18. Determine w(7).
4
Let q(v) = -7*v**2 + 36*v - 35. What is q(1)?
-6
Let r(o) = -8*o + 35. What is r(7)?
-21
Let o(t) = 6*t - 6. Give o(-15).
-96
Let m(v) = -v**3 - 2*v**2 + 3*v + 2. Give m(-3).
2
Let m(u) = u**3 + 5*u**2 - 5*u + 3. Calculate m(-4).
39
Let o(i) = -i**2 + 7*i - 11. Calculate o(3).
1
Let a(d) = -15*d - 625. Calculate a(-41).
-10
Let a(b) = 2*b**3 - 10*b**2 - 12*b - 8. Determine a(6).
-8
Let d(l) = -51*l + 816. Determine d(16).
0
Let i(o) = -3*o**3 - 50*o**2 - 33*o + 4. Give i(-16).
20
Let a(g) = g**3 + 8*g**2 - 28*g - 22. Determine a(-11).
-77
Let f(r) = 5*r + 161. Determine f(-39).
-34
Let a(w) = 2*w - 16. Determine a(12).
8
Let s(x) = x**2 - 19. Calculate s(-5).
6
Let f(r) = r**2 + 33*r - 16. Give f(-34).
18
Let d(j) = 2*j - 43. What is d(31)?
19
Let i(j) = j**2 + 16*j + 29. Determine i(-15).
14
Let w(p) = -p**3 - 8*p**2 + 12*p + 16. Calculate w(-9).
-11
Let x(g) = -4*g + 35. What is x(9)?
-1
Let l(x) = -6*x - 19. Determine l(23).
-157
Let k(b) = 6*b - 6. Calculate k(-3).
-24
Let z(i) = 36*i + 33. Give z(-1).
-3
Let n(j) = 3*j + 7. Give n(-2).
1
Let f(p) = 5*p - 4. Give f(4).
16
Let p(r) = -r**2 - 13*r - 32. Give p(-9).
4
Let m(n) = n**2 - 26. Calculate m(-4).
-10
Let a(g) = 2*g + 91. Determine a(-45).
1
Let s(r) = -r**2 + 5*r + 27. What is s(-3)?
3
Let c(a) = 5*a + 69. What is c(-15)?
-6
Let x(v) = -v**2 - 12*v - 45. Determine x(-10).
-25
Let g(p) = -p**2 + 34*p + 55. Determine g(35).
20
Let p(a) = a - 8. Give p(11).
3
Let p(u) = u - 2. Calculate p(-7).
-9
Let h(f) = f**3 - 9*f**2 - 11*f + 3. Determine h(10).
-7
Let i(c) = c**3 - 16*c**2 + c + 1. What is i(16)?
17
Let b(f) = f**3 + 35*f**2 + 37*f + 36. What is b(-34)?
-66
Let m(y) = 13*y + 16. What is m(-6)?
-62
Let w(j) = 4*j**3 - 4*j**2 + j - 1. Give w(3).
74
Let a(u) = -u**3 + 27*u**2 - 114*u + 89. Give a(22).
1
Let h(n) = n**2 - 17*n - 6. Calculate h(17).
-6
Let h(k) = -k + 5. What is h(3)?
2
Let g(d) = -d**2 + 8*d - 5. Determine g(9).
-14
Let i(j) = j**2 + 9. Calculate i(4).
25
Let j(y) = y**2 + 6*y - 23. Calculate j(-8).
-7
Let c(f) = -f**3 - 3*f**2 + 4*f - 1. Calculate c(4).
-97
Let y(a) = -4*a - 3. Calculate y(6).
-27
Let j(o) = o**3 + 19*o**2 + 64*o + 53. What is j(-15)?
-7
Let n(j) = -j**3 + 16*j**2 - 6. Calculate n(16).
-6
Let a(o) = -3*o**2 + 3*o - 1. What is a(3)?
-19
Let h(g) = g**3 - 8*g**2 + 2*g - 19. Give h(8).
-3
Let x(o) = 24*o - 11. Determine x(4).
85
Let d(o) = -o**3 + 7*o**2 - 3*o - 7. Calculate d(6).
11
Let k(m) = -m**3 + 3*m + 2. What is k(-2)?
4
Let t(v) = -v**3 + 6*v**2 - 12*v + 14. Calculate t(5).
-21
Let k(y) = -3*y**2 - 6*y - 4. Calculate k(-2).
-4
Let f(u) = u**3 + 6*u**2 - 7*u + 5. What is f(-7)?
5
Let d(l) = 18*l + 30. Determine d(-1).
12
Let p(w) = w**3 + 9*w**2 - 16*w + 17. Calculate p(-10).
77
Let b(f) = 10*f**2 + 1. Determine b(-2).
41
Let t(m) = -7*m**2 - 4*m - 2. Determine t(-2).
-22
Let z(l) = 51*l**3 + 2*l - 1. Give z(1).
52
Let y(c) = 2*c - 26. What is y(17)?
8
Let o(t) = -10*t + 101. Calculate o(11).
-9
Let n(b) = -3*b**3 + b**2 + 5*b + 3. Calculate n(-2).
21
Let g(v) = v - 45. Give g(-12).
-57
Let d(k) = -k**2 + 13*k + 10. What is d(12)?
22
Let o(b) = 3*b**2 + 10*b - 10. What is o(-5)?
15
Let n(g) = 7*g - 66. Give n(12).
18
Let n(i) = -i**3 + 8*i**2 - 7*i + 4. What is n(7)?
4
Let c(r) = r**3 - 9*r**2 - 7*r - 9. What is c(10)?
21
Let a(q) = -3*q**2 + 47*q - 27. Determine a(15).
3
Let k(j) = -j**3 - 3*j**2 - j + 28. Determine k(0).
28
Let x(d) = -4*d**2 - 5*d - 8. Calculate x(5).
-133
Let k(r) = r**3 + 2*r**2 - 4*r + 11. Determine k(2).
19
Let n(z) = -z - 43. What is n(-10)?
-33
Let c(b) = 3*b - 6. What is c(4)?
6
Let g(u) = -u + 25. Determine g(22).
3
Let u(d) = d**3 - 7. Determine u(0).
-7
Let u(g) = g**3 - 12*g**2 - g + 3. Give u(12).
-9
Let d(z) = -2*z + 5. Determine d(-8).
21
Let v(g) = -g**3 - 8*g**2 - 4*g - 3. Calculate v(-7).
-24
Let d(t) = 2*t**2 + 2*t + 9. What is d(-3)?
21
Let v(u) = u**3 - 3*u**2 - 6*u + 6. Calculate v(5).
26
Let k(q) = q + 4. What is k(-5)?
-1
Let s(d) = 2*d**2 + 21*d + 18. Give s(-9).
-9
Let y(b) = -b**3 - 12*b**2 + 25*b + 6. What is y(-14)?
48
Let m(b) = -b**3 - 3*b**2 - b + 24. What is m(0)?
24
Let t(g) = g**2 - 12*g - 6. What is t(13)?
7
Let a(b) = -14*b + 159. What is a(10)?
19
Let k(c) = 9*c + 216. Calculate k(-26).
-18
Let c(a) = -a + 9. Give c(5).
4
Let d(l) = -l**3 - 11*l**2 + 24*l - 26. What is d(-13)?
0
Let h(z) = z + 34. Calculate h(-22).
12
Let i(f) = 3*f + 40. Give i(-6).
22
Let p(d) = -3*d + 16. Determine p(-11).
49
Let w(l) = -25*l + 2. Give w(1).
-23
Let u(k) = -k + 15. Calculate u(16).
-1
Let h(q) = 2*q**2 + 3*q. Calculate h(-1).
-1
Let x(c) = -58*c - 808. Give x(-14).
4
Let g(u) = -8*u - 73. Give g(-8).
-9
Let w(k) = -k**2 + 4*k + 13. Give w(6).
1
Let h(t) = -t**3 + 5*t**2 - 4. Determine h(5).
-4
Let w(g) = -64*g + 67. Calculate w(1).
3
Let n(v) = -3*v**2 + 31*v - 4. Give